of l.
8521
Let h be 40/(-25)*15/(-2). Let n = -18 + h. Let c = n + 154. List the prime factors of c.
2, 37
Suppose -r - 3*r = -3*o - 1743, -r = 0. Let q = o + 1004. Let j = -170 + q. What are the prime factors of j?
11, 23
Let l be 2/4 + 225/50. Suppose -l*p + 4436 = 4*c, 36*c - 3350 = 33*c + 2*p. What are the prime factors of c?
2, 557
Suppose 0 = -10*x + 7*x + 2*y + 35239, 0 = -x + 3*y + 11751. Suppose x = 46*u - 19*u. What are the prime factors of u?
3, 5, 29
Suppose 139*b - 426959 + 27291 = 213461. List the prime factors of b.
11, 401
Let s(p) = 3*p**3 - 8*p**2 - 9*p - 344. What are the prime factors of s(27)?
2, 5, 19, 277
Let w be (-552)/(-36)*(-3)/2. Let t(m) = m**3 + 24*m**2 + 3*m - 2. What are the prime factors of t(w)?
2, 229
Let q be 4 + -2 + (-1 - -5 - 1). Suppose 4*x - 472 = -4*k, -600 = -5*k + q*x - 0*x. List the prime factors of k.
7, 17
Suppose 49 = 5*x - 81. Let w = 26 - x. What are the prime factors of (w - (-2 - -7))/((-2)/46)?
5, 23
Suppose -b + 3*a + 19007 = 0, 0 = -5*b + 11*a - 13*a + 94950. What are the prime factors of b?
2, 1187
Let b(y) = 3*y**3 - 3*y - 2. Suppose 2*v - 130 = -24*v. List the prime factors of b(v).
2, 179
Let a be (-684)/(-45) - (-1 - 1/(-5)). What are the prime factors of 4*16*200/a?
2, 5
Suppose 0 = -8*i - 133473 - 33927. List the prime factors of i/(-81) - 2/6.
2, 3, 43
Suppose -3*f + 667 = 661. Let j = -3 - -7. Suppose 5*x = 0, 0*u + j*x = -f*u + 112. List the prime factors of u.
2, 7
Let m = 5750 + 12358. List the prime factors of m.
2, 3, 503
Suppose 56 = 2*c + 12*c. Let d(l) = 3*l**3 - 3*l**2 - 5*l + 10. What are the prime factors of d(c)?
2, 67
Let z be (-11)/((-33)/(-144))*-3. Suppose 4*c = 3*u - z - 346, 5*u - 774 = -4*c. Suppose -5*f + 137 + u = 0. List the prime factors of f.
59
Let q(i) be the first derivative of -2*i**3/3 - 2*i - 9. Let w be q(-2). List the prime factors of 1048/20 + 4/w.
2, 13
What are the prime factors of (-5)/(-10) - ((-89682)/4 - -2)?
3, 47, 53
Let g(q) = -q**3 - 11*q**2 + 5. Let m be g(-11). Suppose -4*i + v + 15 = -1, 5*i = -m*v + 45. Suppose 35 = i*x - 100. List the prime factors of x.
3
What are the prime factors of (-1 - 11471)*(1125/(-1260) + 12/(-14))?
2, 3, 7, 239
Let i = -77 - -156. Let c = i + -88. Let a = 123 - c. What are the prime factors of a?
2, 3, 11
Suppose 3*p = -2*g + 907, 4*p + 9*g = 10*g + 1213. Suppose 8 = n - p. What are the prime factors of n?
311
Let q = 92 + -95. Let z be 542*1/(q + 4). Let s = z - 344. What are the prime factors of s?
2, 3, 11
Let p = -10 + -107. Let c = p - -181. Suppose 4*l - 2*v - 294 = 0, c = -2*l - 2*v + 208. What are the prime factors of l?
73
Let r(j) = 13*j + 7. Let l(n) = 11*n + 4. Let u = 44 - 43. Let g be l(u). List the prime factors of r(g).
2, 101
Let n(t) = t**2 + 9*t + 27. Let v be n(-8). Let d = -21 + v. Let r(l) = -2*l**3 - 3*l**2 - 3*l. What are the prime factors of r(d)?
2, 5
Let t(l) = 6*l**2 + 582*l - 78. What are the prime factors of t(78)?
2, 3, 13, 1049
Suppose 0 = 3*i - 6*k + 2*k - 52716, 87844 = 5*i - 4*k. What are the prime factors of i?
2, 4391
Let r(x) = 4*x + 36. Let b be r(-7). What are the prime factors of 2/7 + b + 21477/21?
1031
Let c(j) = -8*j + 75. Let l be c(9). Suppose -q = -l*g + 6*g - 255, 10 = 5*g. What are the prime factors of q?
3, 83
Suppose 5*y = -4*k + 140661, -4*k + 6*y - 20278 = -160972. What are the prime factors of k?
3, 19, 617
Let l(z) = z**3 + 16*z**2 + 59*z + 45. Let x be l(-11). Let t be (-412)/(-3)*(-6)/(-4). What are the prime factors of t/12 + x/(-6)?
17
Suppose -2*m = -z - 21, -4*m = m - 2*z - 52. Suppose m*w = -12*w + 13948. What are the prime factors of w?
2, 317
Let t = -322 - -190. Let o = -4 - t. What are the prime factors of o?
2
Let u be 20/6 - 10/30. Suppose -5*n - 4*j + 818 = 0, u*j - 3 = 3. What are the prime factors of n?
2, 3
Suppose 960719 = 58*o + 76*o - 302365. What are the prime factors of o?
2, 3, 1571
Suppose -735275 - 101964 = -138*n - 51743. List the prime factors of n.
2, 1423
Suppose -2*u = -3*z + 6364 - 19937, -3 = -z. What are the prime factors of u?
6791
Let c = 80026 + -47931. Suppose -20*w - 15*w = -c. List the prime factors of w.
7, 131
Let m = 15569 - 5013. What are the prime factors of m?
2, 7, 13, 29
Suppose -2*x + 4*y + 2614 = 778, 3*x = 4*y + 2762. Suppose -40*j - 5*m - 2780 = -43*j, x = j - m. List the prime factors of j.
5, 37
Suppose -4*v + 28 = 8. Suppose 30 = 4*n - 0*p + 2*p, v*p - 9 = n. List the prime factors of (n - (3 + 0))*190/15.
2, 19
Suppose 1089310 = 1408*c - 1311*c. What are the prime factors of c?
2, 5, 1123
Suppose -2*a - 8 = 5*r, 0*r + 4 = 2*a - r. Let z(v) = 13 + a + v**2 - 7 + 9 + 3*v. List the prime factors of z(-14).
2, 5, 17
Suppose 55*c - 65*c + 32330 = 0. What are the prime factors of c?
53, 61
Let f(d) = 94*d - 37. Let m be f(9). Suppose 0*o - 247 = -o + 5*u, -2*u + m = 3*o. List the prime factors of o.
3, 89
Let z be (-8)/44 - 245/(-55)*7. Suppose -26*p + z*p - 3125 = 0. Suppose 4*c + c = p. What are the prime factors of c?
5
Suppose 0 = n, 712 = 2*t - 8*n + 5*n. Suppose -2*a = 5*j - 1528, 5*a - 251 - t = -2*j. List the prime factors of j.
2, 3, 17
Let r = 10604 + -6956. What are the prime factors of r?
2, 3, 19
Let u(j) = -j**2 - 12*j - 17. Let c be u(-10). Suppose -12*y - c*y = 0. Suppose 7*o - 2492 + 903 = y. List the prime factors of o.
227
Suppose -47*h + 34753 = -185001 - 236287. List the prime factors of h.
31, 313
Let x(l) = -10 - 16 + 18 + 23*l - 3*l. What are the prime factors of x(2)?
2
Let s = 46157 - 10518. What are the prime factors of s?
157, 227
Suppose -20*f - 20594 = -34*f. Suppose -f = -v - 191. List the prime factors of v.
2, 5
Suppose -5*l + 5*d + 32 = 2, -3*l - d + 10 = 0. Suppose 802 = l*g - 258. What are the prime factors of g?
5, 53
List the prime factors of 548/(70/20 + (-2 + -1)*1).
2, 137
What are the prime factors of 207585/33 + ((-720)/132)/(-10)?
3, 233
Suppose 0 = -4*a + 385 + 87. Suppose 711 = -121*b + a*b. Let p = b - -471. List the prime factors of p.
2, 3, 13
Let r(m) = m**3 - 10*m**2 - 10*m + 22. Let g be r(11). Let x = 31 - g. What are the prime factors of (x + (-75)/(-9))/(7/42)?
2, 19
Suppose 0*c = 3*c - 18. Suppose -1096 = -c*k - 2866. Let a = -150 - k. List the prime factors of a.
5, 29
What are the prime factors of (4432/(-24))/(1/(-5 + 2 - 3))?
2, 277
Let a(u) = 814*u + 1314. List the prime factors of a(12).
2, 3, 1847
Let b(i) = -25 + 49 + 152 - 3*i + 83. Let m = 2 - 2. What are the prime factors of b(m)?
7, 37
List the prime factors of (1/3)/((-99)/(-264) - (-263738)/(-703344)).
14653
Let n(z) = -z**3 + 6*z**2 - 11*z + 8. Let s be n(6). Let b = -50 - s. Let m = 33 + b. List the prime factors of m.
41
Let y(t) = -5*t**3 - 10*t**2 + 5*t - 40. List the prime factors of y(-7).
2, 5, 23
Let j(t) be the third derivative of -439*t**6/120 - t**5/20 + t**3/2 + 3*t**2 + 2. List the prime factors of j(-1).
439
Let s = -1792 + 2309. What are the prime factors of s?
11, 47
Let n = 70281 - 47477. What are the prime factors of n?
2, 5701
Let q = -8503 - -15325. Suppose q = 3*p - 0*p. What are the prime factors of p/234*3 - (-2)/(-13)?
29
Suppose y - 2*w + 3 = 1, y = -3*w + 13. List the prime factors of (-30)/(-2)*((-210)/(-10) + y).
3, 5
Let z(h) = 7*h + 5. Let u be z(1). What are the prime factors of 2/u*3633 - (-1)/2?
2, 3, 101
Let x(d) = -1756*d - 5329. List the prime factors of x(-10).
3, 151
Suppose 4*r + 33*r - 176392 = -69906. What are the prime factors of r?
2, 1439
Suppose 0 = -5*z - 2*l - 0 + 23, -2*z + 15 = -5*l. Suppose -4*q = 3*a - 7*a + 5052, -z*q = -a + 1247. What are the prime factors of a?
7, 181
Suppose -12 = -3*v - 3*v. Let x(h) = 17*h**2 - 4*h + 6 - 7*h**v - 5*h**2. What are the prime factors of x(-5)?
151
Suppose -30*k + 31*k - 178 = 0. Let z = -120 + k. List the prime factors of z.
2, 29
Suppose -3728946 + 448494 = -42*v. List the prime factors of v.
2, 7, 797
Let y be 15/(2/5 + (-504)/1360). Let j = 893 - y. Suppose -4*f + 5*u + j = 0, -4*f = -3*u - 163 - 222. What are the prime factors of f?
97
Let n(d) = -211*d - 2. Let m be n(1). Let u = m - -240. What are the prime factors of u?
3
Suppose -2*n = 3*w - 5 - 7, 0 = 4*w + 2*n - 16. Let j be 1*-4*w/(-16) - -16. Let y = 29 + j. What are the prime factors of y?
2, 23
Let l be 1025 + (-2 - (-2)/2*-1). Le